9 composite?
False
Is 15311861 a composite number?
True
Is 177975001 a prime number?
False
Is 3373453 a prime number?
True
Is 164861 prime?
False
Is 51327371 a composite number?
True
Is 14839009 composite?
True
Is 2371945 composite?
True
Is 258437 a composite number?
False
Is 1476509 a composite number?
True
Is 162458467 composite?
False
Is 4676483 a composite number?
True
Is 29457317 prime?
True
Is 656702939 a prime number?
True
Is 47960777 a composite number?
True
Is 518415215 a composite number?
True
Is 35051087 prime?
True
Is 17168269 a composite number?
False
Is 541539169 composite?
True
Is 2079043 a composite number?
True
Is 5613851 a composite number?
False
Is 369809 prime?
False
Is 6536947 a composite number?
False
Is 16589 a composite number?
True
Is 95249633 a composite number?
False
Is 383841683 composite?
False
Is 2499509 prime?
True
Is 763207 a composite number?
True
Is 159942373 a prime number?
False
Is 4869379 a prime number?
False
Is 2012579 prime?
False
Is 761687 a composite number?
True
Is 57006647 a prime number?
True
Is 32452391 a prime number?
True
Is 1542661 composite?
False
Is 1239103 composite?
False
Is 5615459 prime?
True
Is 63488879 a prime number?
True
Is 30094941 prime?
False
Is 1126903495 a composite number?
True
Is 25061909 composite?
False
Is 61919003 a composite number?
False
Is 15893263 composite?
False
Is 611791 a composite number?
False
Is 11768843 prime?
True
Is 3257713 composite?
False
Is 26375549 prime?
False
Is 359630219 a composite number?
True
Is 51967417 prime?
True
Is 1452083 composite?
False
Is 363076189 a composite number?
True
Is 19003997 a prime number?
True
Is 949111 prime?
True
Is 8771561 a prime number?
False
Is 156452249 prime?
True
Is 36767539 composite?
False
Is 1774453195 a composite number?
True
Is 248506079 prime?
True
Is 30242089 prime?
True
Is 2889197 a composite number?
True
Is 2990941 composite?
False
Is 40823089 composite?
True
Is 6514517 a composite number?
True
Is 762721 a prime number?
True
Is 125402078 prime?
False
Is 4797439 prime?
True
Is 5893859 a prime number?
True
Is 244609771 composite?
True
Is 2720953 a prime number?
True
Is 261874373 prime?
True
Is 3027763 prime?
True
Is 391941115 a composite number?
True
Is 64816417 a prime number?
True
Is 13605733 a composite number?
False
Is 62843927 a prime number?
True
Is 18723193 composite?
False
Is 4587397 composite?
True
Is 385826003 prime?
False
Is 507890287 prime?
False
Is 21989269 a prime number?
True
Is 572543 prime?
False
Is 27083041 a composite number?
False
Is 275521 prime?
True
Is 4023011 prime?
False
Is 4119667 composite?
False
Is 2325347 prime?
False
Is 394681 a composite number?
True
Is 7483273 composite?
True
Is 300299 a composite number?
False
Is 121127891 composite?
False
Is 20562757 composite?
False
Is 5888873 prime?
True
Is 41605073 a composite number?
True
Is 31419371 a composite number?
False
Is 214485793 prime?
True
Is 28959581 a prime number?
False
Is 23804219 composite?
True
Is 3856949 a composite number?
False
Is 5724599 prime?
False
Is 85716655 composite?
True
Is 9817289 a composite number?
False
Is 1711669 composite?
False
Is 186001 a composite number?
True
Is 8579869 a composite number?
False
Is 45978539 a prime number?
False
Is 3878139 prime?
False
Is 44526311 prime?
True
Is 207610847 a prime number?
True
Is 832187497 a composite number?
False
Is 43977359 a prime number?
False
Is 14529479 prime?
False
Is 80664527 composite?
True
Is 1502951 composite?
True
Is 2649935 prime?
False
Is 33120487 a composite number?
False
Is 155225171 a prime number?
False
Is 33111833 composite?
True
Is 2465227 composite?
False
Is 1408947 composite?
True
Is 911749 a composite number?
False
Is 41296153 a prime number?
False
Is 4554971 prime?
True
Is 847697 composite?
False
Is 1075752533 a prime number?
True
Is 22317127 prime?
False
Is 404638547 a prime number?
True
Is 245842706 prime?
False
Is 19181737 prime?
False
Is 1590263 prime?
True
Is 32534599 composite?
False
Is 1184905 a prime number?
False
Is 21358011 a composite number?
True
Is 1234309 a prime number?
True
Is 33571931 a composite number?
False
Is 486971 prime?
True
Is 72780229 composite?
False
Is 2747309 a composite number?
False
Is 9786445 a composite number?
True
Is 3461767 a composite number?
False
Is 6892309 prime?
False
Is 22787507 composite?
False
Is 44186089 a composite number?
False
Is 116657461 prime?
True
Is 18415253 a composite number?
True
Is 23461727 prime?
False
Is 41187019 a prime number?
True
Is 25470959 prime?
False
Is 7261055 composite?
True
Is 1407731 a composite number?
True
Is 2079029 a composite number?
True
Is 74767431 prime?
False
Is 14129191 a composite number?
False
Is 87991 a prime number?
True
Is 14277693 prime?
False
Is 276175531 a composite number?
False
Is 266215913 a prime number?
False
Is 2271917 composite?
True
Is 3271841 prime?
False
Is 1848883 composite?
True
Is 39025057 a prime number?
True
Is 273821 prime?
True
Is 2359127 a composite number?
True
Is 4913437 prime?
False
Is 13083823 prime?
True
Is 1059701803 a composite number?
False
Is 71573129 composite?
False
Is 308449049 a prime number?
True
Is 13225255 a prime number?
False
Is 615958553 prime?
False
Is 711360989 a composite number?
False
Is 172231 prime?
False
Is 3945883 a composite number?
False
Is 11579279 composite?
True
Is 9385789 prime?
False
Is 87303053 prime?
True
Is 3894611 a composite number?
True
Is 43935043 a prime number?
False
Is 12667987 a prime number?
True
Is 34017419 a prime number?
True
Is 21043643 prime?
False
Is 10145701 prime?
False
Is 22137391 prime?
True
Is 48707 prime?
False
Is 38279243 a prime number?
False
Is 27189317 a composite number?
True
Is 682969471 a composite number?
False
Is 19976189 prime?
False
Is 513551289 composite?
True
Is 7990417 a composite number?
True
Is 52555991 a composite number?
True
Is 69179857 a prime number?
True
Is 23989157 a composite number?
True
Is 70391479 composite?
True
Is 102415087 composite?
True
Is 468872953 composite?
True
Is 4498049 a prime number?
True
Is 62891077 a composite number?
False
Is 283488319 prime?
False
Is 103951019 a prime number?
False
Is 5588581 a composite number?
True
Is 7786767 a prime number?
False
Is 389796089 prime?
True
Is 5542973 a prime number?
False
Is 288470087 prime?
True
Is 24877855 composite?
True
Is 33017609 a composite number?
False
Is 10126042 composite?
True
Is 14929969 a composite number?
True
Is 17136382 composite?
True
Is 2691277 a composite number?
False
Is 44599703 composite?
True
Is 34571 a prime number?
False
Is 24910441 prime?
True
Is 137480153 a prime number?
False
Is 226072531 composite?
False
Is 927761 a prime number?
False
Is 5337679 a composite number?
True
Is 132767035 a prime number?
False
Is 9246947 a prime number?
False
Is 119027 a composite number?
False
Is 921469 a prime number?
False
Is 8476283 composite?
True
Is 137507057 composite?
False
Is 83046235 prime?
False
Is 20866147 prime?
True
Is 35588027 a composite number?
False
Is 21267737 prime?
True
Is 8881949 prime?
False
Is 97794971 composite?
False
Is 162584813 a prime number?
False
Is 1313987 a prime number?
True
Is 400395419 composite?
False
Is 27541771 composite?
False
Is 10074721 composite?
True
Is 147647 a composite number?
False
Is 19448917 composite?
False
Is 29087999 prime?
True
Is 5831141 composite?
False
Is 76927303 composite?
False
Is 13461863 a prime number?
True
Is 25542163 prime?
False
Is 12784193 a prime number?
False
Is 20964001 a prime number?
True
Is 14515547 a composite number?
False
Is 11419643 prime?
False
Is 22508771 composite?
False
Is 6311659 composite?
False
Is 28618111 a prime number?
True
Is 231779 a composite number?
False
Is 20684263 a composite number?
False
Is 11977323 a prime number?
False
Is 2689273 a prime number?
False
Is 1070471 a composite number?
False
Is 2495123 a composite number?
False
Is 97607071 prime?
True
Is 58610217 composite?
True
Is 1291013 prime?
False
Is 1296551 composite?
False
Is 309127353 prime?
False
Is 13724549 prime?
True
Is 36322823 prime?
True
Is 4949863 a prime number?
False
Is 3053857 composite?
True
Is 18428783 composite?
False
Is 455764517 a prime number?
False
Is 1885271 prime?
True
Is 135822998 composite?
True
Is 1755319391 composite?
True
Is 